e highest common factor of 8320 and z?
32
Let x(r) = -3*r**2 + 17*r - 9. Let f be x(6). Let k = -33 - f. Let i be k/(-4) - 21/(-14). Calculate the greatest common factor of 54 and i.
6
Suppose -18*t + 24*t + 6 = 0. Let o be (-6*(-2 + t))/(24/288). Calculate the highest common divisor of o and 24.
24
Let d be 1/7 + 50760/126. What is the highest common divisor of 279 and d?
31
Suppose 23*b - 1939*b = -181917 - 153383. Suppose 0 = 5*j - 76 - 49. What is the highest common divisor of b and j?
25
Let l(p) = 5*p**2 - 21*p + 38. Let c(r) = 9*r**2 - 42*r + 75. Let q(w) = -3*c(w) + 5*l(w). Let a be q(8). Calculate the highest common factor of a and 5.
5
Let q(s) = -s**3 + 116*s**2 - 523*s - 282. Let l be q(111). Calculate the greatest common factor of l and 30.
30
Let l be (-4 + 3)/((-246)/60 + 4). Let i be l/(-2)*248/(-310). Calculate the greatest common divisor of 76 and i.
4
Let t(q) = -255*q - 1948. Let v be t(-8). Let l = 13 - -10. Calculate the highest common factor of v and l.
23
Let h = 843 + -759. What is the greatest common divisor of 28 and h?
28
Let v = -3713 + 3856. Calculate the greatest common divisor of v and 1001.
143
Let v(b) = -30*b + 181. Let a be v(-9). Let m = -379 + a. Calculate the highest common factor of 504 and m.
72
Let f(i) = -33*i**3 - 4*i**2 + 13*i + 66. Let p be f(-3). Calculate the highest common factor of 490 and p.
98
Suppose -7*r + 220 = -5*r. Suppose -64 = 2*h - r. Calculate the highest common factor of 322 and h.
23
Suppose -5*n = -2142 - 503. Let y be (-1958)/5785 + 6/(-13) + (-357)/(-15). Calculate the greatest common factor of y and n.
23
Let z = 58 + -46. Suppose 0 = -r - i + 4, -i + z = 4*r - 4. Calculate the greatest common factor of r and 172.
4
Let t be 2*(0 + 9/6). Let y = -3447 + 3570. What is the highest common divisor of y and t?
3
Let f be 110475/982*8/3. What is the highest common divisor of f and 4980?
60
Suppose -3*q - g + 2780 = 0, -3*g - 125 = -113. What is the highest common factor of 58 and q?
58
Suppose 19*y - 7*y = 2040. Let b = y - -19. What is the greatest common divisor of b and 7?
7
Let z be (-1)/(-12)*-4*(-175 - 2). Suppose -z = -c + 13. What is the greatest common divisor of c and 9?
9
Let x = 3 + 1. Suppose 0 = 20*t - 87 - 13. Let r = x + t. Calculate the greatest common factor of r and 36.
9
Let j(o) = 17*o - 29. Let d be j(2). Suppose -3*y - 3 = 3, 3*v - d*y = 16. What is the greatest common divisor of 54 and v?
2
Suppose -70161 - 15 = -113*r + 17*r. What is the highest common divisor of r and 86?
43
Let k(m) = -m**3 - m**2 + 19*m + 8. Let f be k(4). Suppose 0 = -4*l - c + 117, -5*l - 2*c = -f*c - 130. Calculate the greatest common factor of l and 84.
28
Let t be (-9)/21 + (-264)/(-28). Suppose 0 = t*j - 8*j. Let n be j/5 + 1 + 9 + 1. Calculate the highest common factor of n and 176.
11
Let g(j) = -190*j - 2937. Let u be g(-21). Calculate the highest common divisor of 468 and u.
117
Let y = 1778 - 1701. What is the highest common factor of y and 275?
11
Let u(b) = 1427*b - 228. Let x be u(11). Calculate the greatest common divisor of 31 and x.
31
Let o be 40/200 + (-27995)/(-25). Calculate the highest common factor of o and 140.
140
Suppose -f + 5*a = 255, 0 = 9*a - 5*a - 16. Let c = -191 - f. Calculate the highest common divisor of c and 484.
44
Suppose n = 5*f - 1316, -18 - 762 = -3*f + 3*n. Let s(g) = 5*g**2 + 3*g - 2. Let p be s(2). What is the highest common factor of p and f?
24
Let w(q) = 7*q**2 + 3*q + 4. Let j be w(-1). Suppose -j*m = 18 - 82. What is the greatest common factor of m and 248?
8
Suppose -4*n = -7*n + 9. Let g(x) = -689 + 3*x + 2*x + 672 + 4*x. Let s be g(n). Calculate the highest common factor of s and 110.
10
Let b = -350 - -816. Suppose -16 = 5*g - b. Calculate the greatest common factor of 10 and g.
10
Let r = 289 - 286. Suppose c - v = 8, -4*c + 4*v = r*v - 23. Calculate the highest common factor of 26 and c.
1
Suppose 3*f - 26307 - 16179 = -3*s + f, -3*f = 0. What is the greatest common divisor of 194 and s?
194
Let m(t) = -t**2 - 15*t - 54. Let l be m(-7). Suppose -l*f + 46 = -5*b, -3*b = 5*f - 39 - 45. Calculate the greatest common factor of f and 414.
18
Let y = 148 - 54. Let r = 95 - y. Let c be (r + 0/2)*(-36)/(-3). What is the highest common divisor of c and 84?
12
Suppose 0 = -8*v + 9*v - 4. Suppose -v*s = -2*s - i - 39, s - 21 = i. Calculate the greatest common divisor of 63 and s.
9
Suppose 0 = -d + z + 31 + 99, -3*d = -4*z - 388. Suppose 317*k = 311*k + d. Calculate the highest common factor of k and 55.
11
Let h be (1/(-1))/(3/(-18)). Let j = 19 + -17. Suppose 90 = f + j*f. Calculate the greatest common divisor of f and h.
6
Let p(j) = 67274*j + 4*j**2 - 67294*j - 3*j**2. Let r be p(-3). What is the greatest common divisor of r and 23?
23
Let j = 790 + -356. Let y = j - 402. Calculate the highest common divisor of 32 and y.
32
Let j(v) = 36518*v - 410. Let g be j(1). What is the highest common divisor of g and 472?
236
Suppose -22 + 88 = 2*z. Let i = 31 - z. Let k be 215/25 + i/(-5). What is the highest common factor of k and 9?
9
Let k be 9 - 4/6*27/6. Let p be 11/k*3*114. What is the greatest common divisor of p and 33?
33
Suppose -11 = 3*c - 2. Let v be (c - 1)/((-16)/324). What is the highest common factor of 27 and v?
27
Suppose -708*o - 719*o = -1435*o + 8448. What is the greatest common factor of 16 and o?
16
Let q = 402 + -256. Suppose 0 = -2*s - 2*s + 100. Suppose 4*t - 3*w - 177 - s = 0, -3*t + q = -5*w. Calculate the greatest common factor of 78 and t.
26
Suppose 0 = 11*y + 302 + 237. Let a = -1 - y. What is the greatest common divisor of 12 and a?
12
Let m be 1/3*30/5. Suppose -53 = -3*n + v, 7*n - 88 = 2*n + m*v. Let f(r) = r**2 - 5*r + 3. Let g be f(6). What is the greatest common factor of g and n?
9
Let h(o) = 64*o**2 - 46*o - 227. Let s be h(-6). Suppose 6*z - 10*z - w + s = 0, 0 = -5*z + 5*w + 2960. What is the highest common factor of z and 19?
19
Let q = -49 + 53. Suppose 2*u = 3*d - q*d - 2, -3*d = 5*u + 4. Suppose d*c + 23 = 85. Calculate the greatest common divisor of 341 and c.
31
Suppose 2*l - 2*k = -144 + 1150, 3*l = 5*k + 1507. What is the highest common divisor of l and 672?
168
Suppose l - 2 = 2*x - 1, -4*l + 2*x = -4. Let h(t) = 160*t**2 + 3*t - 1. Let q be h(l). Let n = -44 + 62. Calculate the greatest common factor of n and q.
18
Let t be (75/(-20))/((-54)/16 + 3). Let j = -220 + 310. Calculate the highest common divisor of t and j.
10
Suppose -n + 0*n = -6. Suppose -7*w + n*w + 32 = 0. Suppose 31*v - w*v + 90 = 0. What is the greatest common divisor of 135 and v?
45
Let k = 1840 - 1543. Calculate the greatest common divisor of 18 and k.
9
Let h be 30 + 31 + (1 - 17). Calculate the greatest common divisor of h and 5295.
15
Suppose -120*l + 386958 = 3*l. What is the greatest common factor of 726 and l?
242
Let s = -1976 + 4758. Calculate the highest common divisor of s and 26.
26
Let q = 16548 + -4100. Calculate the highest common divisor of 32 and q.
32
Let k be (-6 + (-70)/(-8) + -4)/(7/(-13776)). Calculate the highest common divisor of 120 and k.
60
Suppose -127 = -3*y - 10. Suppose 4*j = -4*x + 96, -4*x + y + 36 = -3*j. Let a be (-4)/6 - (-46)/6. What is the highest common divisor of x and a?
7
Let n = -26937 + 26961. Calculate the greatest common factor of n and 2176.
8
Let n be (29/((-116)/(-42)))/((-1)/(2 + -12)). What is the greatest common divisor of n and 150?
15
Let l be 524*-2*(-1)/(-8). Let v = -112 - l. Let o(c) = 2*c**2 + 10*c - 10. Let b be o(-8). Calculate the greatest common divisor of v and b.
19
Let h(u) = -u**2 - 144*u + 6072. Let a be h(34). Let s(j) = -j**3 + 6*j**2 + 2*j - 5. Let m be s(5). Calculate the highest common divisor of a and m.
10
Suppose -4*i - 8190 = -5*x, i = -3*x + 2*x + 1638. Let o = x + -1632. Let q be -2 + 1 - -7*1. Calculate the highest common divisor of q and o.
6
Let a = 44 + -29. Let j be 1/(-1 - (-16)/a). Let p be (-1)/(26/(-264)) + (-110)/715. What is the greatest common divisor of p and j?
5
Let q(b) be the second derivative of -b**3/3 - 19*b**2 - 41*b. Let z be q(-26). Suppose -t + 280 = 3*t. Calculate the highest common divisor of t and z.
14
Let z be 4/(-11)*5720/(-80). Calculate the highest common factor of 30 and z.
2
Suppose -4*l - f = 751 - 2071, 0 = 2*l